ommon divisor of 49 and 12863431.
49
What is the highest common factor of 539640 and 2880?
360
Calculate the greatest common divisor of 617329 and 3.
1
What is the highest common divisor of 7066899 and 1188?
27
What is the greatest common divisor of 201 and 8900079?
201
What is the greatest common factor of 15378 and 154506?
66
What is the greatest common factor of 1884032 and 3903048?
2872
What is the greatest common factor of 164 and 83589652?
164
What is the highest common divisor of 2086371 and 228333?
1743
Calculate the highest common factor of 38976 and 4818688.
448
What is the highest common divisor of 1053 and 525606003?
1053
What is the highest common factor of 11947 and 1381?
1
Calculate the highest common divisor of 876246 and 1076754.
1302
Calculate the highest common divisor of 60 and 41135295.
15
Calculate the highest common divisor of 25 and 5921340.
5
What is the greatest common factor of 52290 and 132930?
630
What is the highest common factor of 9893052 and 936?
468
What is the highest common divisor of 270560364 and 12?
12
What is the greatest common factor of 162 and 96604434?
54
Calculate the greatest common divisor of 1339264 and 896.
128
Calculate the greatest common factor of 12565504 and 1408.
128
What is the highest common factor of 1819 and 478397?
1819
Calculate the highest common divisor of 11097 and 999963.
1233
What is the highest common factor of 32627992 and 251?
251
What is the highest common divisor of 482733239 and 278?
139
Calculate the highest common divisor of 82 and 30180305.
41
What is the highest common factor of 48019 and 7624178?
1549
Calculate the highest common divisor of 247997 and 16.
1
What is the highest common factor of 13572 and 14222?
26
Calculate the greatest common factor of 91572818 and 76.
38
What is the greatest common factor of 98580 and 2354700?
60
Calculate the greatest common factor of 67230096 and 12.
12
Calculate the greatest common divisor of 1004925457 and 4141.
4141
Calculate the highest common divisor of 74137808 and 80.
16
What is the highest common factor of 129 and 573021956?
43
Calculate the highest common factor of 19023 and 22380.
1119
What is the greatest common divisor of 1274170 and 250?
10
What is the highest common factor of 200 and 7722700?
100
Calculate the highest common factor of 8249590 and 425.
85
Calculate the highest common divisor of 944 and 816090832.
944
Calculate the greatest common divisor of 266888 and 228043.
457
What is the greatest common factor of 2670 and 32649205?
445
Calculate the greatest common factor of 680 and 83933420.
340
What is the highest common divisor of 30718544 and 606?
202
Calculate the highest common factor of 15617 and 88367.
97
Calculate the greatest common factor of 4028507 and 3185868.
11543
Calculate the highest common factor of 80 and 21103064.
8
What is the greatest common factor of 71241853 and 13887?
1543
Calculate the highest common factor of 2287160 and 4.
4
What is the highest common factor of 2064452 and 963612?
1508
Calculate the greatest common divisor of 8701290 and 26800.
670
What is the highest common divisor of 8298 and 23052?
6
What is the highest common divisor of 1028 and 7133806?
514
Calculate the greatest common factor of 30192 and 2483904.
816
What is the greatest common divisor of 1913 and 984667012?
1913
Calculate the highest common divisor of 9603 and 204993.
9
Calculate the greatest common divisor of 2718 and 40732854.
906
What is the greatest common divisor of 91 and 1519765?
13
What is the highest common factor of 16510368 and 651?
21
What is the highest common factor of 2531987 and 93?
31
What is the greatest common factor of 75 and 13326900?
75
Calculate the greatest common factor of 12970 and 14610.
10
Calculate the greatest common divisor of 464544 and 408.
24
What is the highest common divisor of 19964162 and 226?
226
Calculate the greatest common factor of 13 and 84669884.
13
What is the highest common divisor of 318 and 42184078?
106
What is the highest common factor of 347 and 112737871?
347
Calculate the highest common factor of 2858143 and 35957.
877
Calculate the highest common divisor of 344 and 3961375.
43
Calculate the greatest common divisor of 1673686 and 14.
14
What is the highest common divisor of 1206535 and 66?
11
What is the highest common factor of 8549724 and 42?
6
What is the highest common divisor of 2100 and 107060?
20
Calculate the greatest common divisor of 1124557 and 511.
7
Calculate the greatest common factor of 58532990 and 50.
10
What is the highest common divisor of 17798 and 52778?
22
Calculate the highest common divisor of 10864 and 2584360912.
10864
What is the greatest common divisor of 467132 and 783?
29
Calculate the highest common divisor of 8428 and 60221.
49
What is the greatest common divisor of 140348572 and 112?
28
What is the highest common divisor of 85696 and 372632?
104
Calculate the highest common factor of 27 and 160767720.
27
Calculate the greatest common divisor of 24908 and 12043976.
1916
What is the highest common factor of 145171866 and 315?
21
What is the highest common factor of 839095168 and 15104?
7552
What is the highest common factor of 2160 and 13403520?
720
What is the highest common divisor of 560 and 43371020?
140
Calculate the greatest common divisor of 4882 and 36715081.
2441
What is the highest common divisor of 1140 and 51729020?
380
Calculate the highest common divisor of 704639 and 227331.
871
What is the highest common factor of 77592 and 83210?
106
Calculate the greatest common factor of 97385607 and 8397.
2799
Calculate the highest common divisor of 6242198 and 7806.
2602
Calculate the highest common factor of 5 and 34201775.
5
Calculate the highest common divisor of 14308609 and 1057.
1057
Calculate the greatest common divisor of 490 and 24177874.
98
Calculate the greatest common factor of 13671 and 6237665.
217
What is the greatest common factor of 40820941 and 120751?
7103
What is the greatest common factor of 1920 and 8683248?
48
Calculate the highest common divisor of 4958 and 1188982.
134
What is the highest common divisor of 1 and 312297146?
1
Calculate the highest common divisor of 3508209 and 10593.
963
What is the greatest common divisor of 15210268 and 18676?
2668
Calculate the greatest common factor of 573947980 and 460.
460
What is the greatest common divisor of 3328 and 27307264?
256
What is the greatest common factor of 12987 and 50794965?
351
What is the greatest common divisor of 5671624 and 17416?
56
What is the highest common factor of 418453147 and 85?
17
Calculate the greatest common divisor of 814343 and 8758.
151
Calculate the highest common factor of 860 and 127401940.
20
What is the highest common factor of 10535150 and 5750?
1150
Calculate the highest common divisor of 1505372 and 2948.
44
Calculate the greatest common divisor of 7088085 and 105.
15
What is the highest common divisor of 36582 and 48750674?
938
What is the greatest common factor of 1500 and 5432340?
60
Calculate the highest common factor of 550595880 and 40.
40
What is the greatest common factor of 90825 and 3549441?
3633
What is the greatest common divisor of 135708606 and 2706?
2706
Calculate the greatest common divisor of 12822 and 33666298.
4274
Calculate the highest common factor of 7650039 and 75.
3
What is the highest common factor of 18 and 1154134287?
9
Calculate the greatest common factor of 6845863 and 76707.
947
Calculate the greatest common divisor of 4699060 and 94.
94
What is the highest common factor of 4 and 722822?
2
Calculate the greatest common divisor of 886585 and 144102.
511
Calculate the highest common divisor of 547315314 and 21.
21
Calculate the highest common divisor of 27430080 and 19200.
960
Calculate the highest common divisor of 808 and 3873148.
404
What is the greatest common factor of 1743 and 3690678?
249
Calculate the highest common divisor of 1144 and 45584396.
572
What is the highest common divisor of 7267 and 2179593?
169
Calculate the highest common factor of 10997 and 72527.
7
Calculate the greatest common factor of 3551 and 2433919.
53
Calculate the greatest common factor of 1082152 and 23544.
872
Calculate the highest common divisor of 888200 and 3725.
25
Calculate the greatest common divi